2. Give s(7).
-20
Let p(b) be the third derivative of -b**6/120 - 7*b**5/60 - b**4/4 - b**3 - 5*b**2. What is p(-6)?
-6
Let j(w) = -1 - w + 0*w + 6. What is j(6)?
-1
Let w(l) be the second derivative of -l**5/20 + 5*l**4/12 + l**3/6 + l**2 + l. Determine w(5).
7
Let s(l) = -l**2 + 2*l + 4. Suppose 3*c = -w - 2*w + 21, 2 = c. Let j = w + -6. Let k = 5 + j. Calculate s(k).
-4
Let h(g) = 3*g**2 + 3*g - 2. Let q = -17 - -19. Suppose -5*b - 1 = 2*n, 0 = b - q*b - 1. Determine h(n).
16
Let z = 5 - 3. Let r(j) = 5*j + 0 - 1 + 0*j**2 + j**z. Let g be 2/2 + (-5)/1. Determine r(g).
-5
Let n(p) be the first derivative of -p**4/4 + 2*p**3 - 3*p - 1. Let u be 4*2*(-3)/(-4). What is n(u)?
-3
Let z(y) = 4*y + 3. Let u = -3 - -1. Calculate z(u).
-5
Suppose 0 = 5*i - 3*i + 16. Let t(b) = b**2 + 7*b - 6. Determine t(i).
2
Let u = -4 + 8. Let c(p) = -p**3 + p**2 + 7*p + 3. Let n(q) = -q**3 + 8*q + 3. Let o(i) = u*c(i) - 3*n(i). Give o(5).
-2
Suppose -33 = 13*s + 19. Let u(n) = -n**2 + 7*n + 1. Let f(r) = 7*r + 2. Let c(y) = -3*f(y) + 2*u(y). Give c(s).
-8
Let n(t) = -t - 1. Let a(s) = -1. Let q be -2*(15/(-6) - -2). Let d(k) = q*n(k) - a(k). Let l(z) = 3. Let p(h) = 2*d(h) - l(h). Give p(-4).
5
Let n = 31 - 36. Let j(d) = -d**2 - 4*d + 5. What is j(n)?
0
Let k(w) = -w**3 - 4*w**2 + 4*w - 2. Let b be k(-5). Let d(u) = -1 + 2 + u + b - 3. Give d(3).
4
Let y = 40 + -31. Let v(b) = -b + 5. What is v(y)?
-4
Let j(g) = 2*g**2 - 5*g - 2. Let w(k) = -4*k**2 + 9*k + 4. Suppose 0 = -4*n + 8, 2*n - 37 = 4*u - 5. Let y(f) = u*j(f) - 4*w(f). Give y(-2).
8
Let s be (-4)/(-14) + 12/7. Let o(z) = -z + 0*z**2 - z**s + 13*z - 7*z. Suppose 0*f = -5*f + 30. Determine o(f).
-6
Let o(u) = u**3 + 5*u**2 + u + 1. Let q be o(-5). Let j be (0 - 2/q)*6. Let x(f) = f**3 + 2*f**2 - 8*f**2 + 2*f + j*f + 4. Calculate x(5).
4
Let p(o) = o**2 - 6. Let v(l) = -2*l**2 + 13. Let c(z) = -13*p(z) - 6*v(z). Let d = 101 + -99. Determine c(d).
-4
Let n(d) = d**3 + 2*d**2 + 4. Let b = 7 + -3. Suppose -5*q = -p - p + 19, -5*p - b*q = 35. What is n(p)?
-5
Let o(y) = 1. Let g(w) = -w**3 + w**2 + 3. Let x(j) = -g(j) + 3*o(j). Let t be (4/2)/(2 - 1). What is x(t)?
4
Let t(u) = u**2 - 2*u - 1. Let q be 14*3/(21/2). What is t(q)?
7
Let h(s) = s**2 + 3*s - 3. Let j = 5 - 2. Suppose -5*w + 2*o + 10 = -j*w, 0 = -5*w - 4*o - 2. Suppose -5*r + 4 = -w*y, 5*r + 7*y - 3*y = 22. Calculate h(r).
7
Let c = 2 - 7. Let o = c + 9. Suppose -n + 4*x + 2 = 8, -o*n = -5*x + 2. Let s(y) = -5*y - 1. Give s(n).
-11
Let w(d) be the third derivative of d**5/60 - d**4/12 - d**3/6 - 7*d**2. Determine w(4).
7
Let v(q) = -3*q**3 + 5*q**2 + 7*q - 6. Let z(k) = k - 17. Let g be z(15). Let o(x) = -x**3 + 2*x**2 + 3*x - 3. Let j(i) = g*v(i) + 5*o(i). Determine j(0).
-3
Suppose 3*l + 2 = 4*l. Let p(r) = 0*r**3 - r**3 - 10 - r**2 - r + l. Determine p(0).
-8
Suppose 0*t - 5*t = 0. Let m(p) = 2*p + p - 2*p**2 + t*p - 3. Let v be m(2). Let q(o) = -o**3 - 5*o**2 - o - 3. Determine q(v).
2
Suppose 0 = -4*c - u + 4, c - 8 = -3*c - 2*u. Suppose 4*r - 5*y + 17 = 0, c = y - 3 - 2. Let h(k) = k**3 - 3*k**2 + 3*k - 1. What is h(r)?
1
Let f(j) = -j**3 - j**2 - 2*j - 3. Suppose -3*p + 10 - 4 = 0. Let x(y) = y**2 - y - 1. Let k(q) = p*x(q) - f(q). Let l = 3 + -6. Calculate k(l).
1
Let j(g) = -g**3 + 6*g**2 + 7*g - 5. Let v be j(7). Let h(m) = m**2 + 5*m - 5. Determine h(v).
-5
Let k = 3 + 0. Let i(h) = 0 + k*h**3 + h**3 - 5*h**3 - 2. Determine i(-2).
6
Let t(s) = -3*s + 1. Let k(l) = -4*l. Let f(u) = 2*k(u) - 3*t(u). Let j be 3/6 + (-14)/(-4). Suppose -x - 3*x - 3*p = -2, 2*p = -j. What is f(x)?
-1
Let s(y) = y + 1. Let n(a) = -7*a. Let g(m) = n(m) + 3*s(m). Determine g(4).
-13
Let n(x) = -4 + 2*x + 0*x - 1. Give n(6).
7
Let a(i) be the first derivative of -i**3/3 + 5*i**2/2 + 3*i - 4. Suppose 4*l - 3*j - 16 = -4*j, -3*l + 4*j = -31. Give a(l).
3
Let r(d) be the second derivative of -d**2 + 0 + 1/24*d**4 + 2*d + 1/6*d**3. Let p(b) be the first derivative of r(b). Calculate p(-1).
0
Let m(h) be the second derivative of h**5/20 + h**4/3 - 5*h**3/6 - h**2 + 39*h. Calculate m(-4).
18
Suppose 6*x - x = -2*k + 20, 0 = 2*x - 5*k + 21. Let h(p) be the first derivative of -3 - p - 1/2*p**x. Give h(1).
-2
Let o be (3 - 5)*(-9)/2. Let p(g) = -g**3 + 9*g**2 - 7. Calculate p(o).
-7
Let a(n) = -n**3 - 7*n**2 - 7*n - 4. Let q be 115/9 - (-6)/27. Suppose 4*b - 38 = 3*d, -2*d - q = d + b. Let l be a(d). Let p(c) = -c**2 - 2. Determine p(l).
-6
Let g(v) = -3*v + 4. Let l = -6 - -11. Suppose 0 = -10*i + l*i + 75. Suppose 4*k - k + 2*u = i, -3*u = 2*k - 15. Give g(k).
-5
Let s(h) be the first derivative of -h**4/2 + h**3/6 - h**2/2 + h - 3. Let y(q) be the first derivative of s(q). Calculate y(1).
-6
Let q(b) be the third derivative of -b**6/120 + b**5/30 + b**4/6 + b**3/2 - 2*b**2 + 42. Determine q(-2).
11
Let w(j) be the second derivative of j**5/20 + 7*j**4/12 + j**3/6 + 4*j**2 - 49*j. Give w(-7).
1
Let j(n) be the first derivative of 2*n**3/3 + 3*n**2/2 + 3*n + 5. Give j(-2).
5
Let o = -2 - -6. Suppose -c - c - o = 0. Let b(t) = -t**2 + 3*t + 3. Give b(c).
-7
Let v(x) = -x**2 + x - 1. Let d(c) = -3*c**2 + 4*c - 3. Let r(u) = 4*d(u) - 11*v(u). Let k be 10/(-1)*1/(-2). Calculate r(k).
-1
Suppose h = -2*h - 6. Let f(g) = -g**2 - g + 1. Let x(a) = -a**2 - 4*a**2 - 1 + 2*a + 6*a**2. Let n(j) = h*f(j) - x(j). Give n(3).
8
Let b be (3 + -3 - -1)/(-1). Let q(u) = -u**2 - u - 6. Let a(n) = -n - 5. Let z(l) = 6*a(l) - 5*q(l). Give z(b).
6
Let s(z) be the first derivative of z**5/30 - z**4/8 + z**3/6 - z**2 + 1. Let b(i) be the second derivative of s(i). Determine b(2).
3
Let n be 3/((-30)/(-8))*5. Let v(x) = -x**2 + 10*x. Let w(f) = -2*f**2 + 19*f - 1. Let s(p) = -7*v(p) + 4*w(p). Give s(n).
4
Let m(t) be the third derivative of -t**5/60 + t**4/6 + 2*t**3/3 + 34*t**2. Calculate m(5).
-1
Let x(f) = f**2 - 8*f - 42. Let s be x(12). Suppose 21 = 2*d - c, 2*d = 3*d - 5*c + 3. Let m(w) = -2*w + d - 5 + w**3 + 4*w**2 - 10*w**2. Calculate m(s).
-5
Let u be (18/(-15))/((-3)/(-70)). Let b be (-3)/9 - u/(-6). Let s(c) = c**2 + 1. Let r(l) = 3*l**2 - 5*l + 4. Let v(n) = -r(n) + 4*s(n). Give v(b).
0
Let n(z) = 5*z**2 + 2*z + 3. Suppose 2*q = -1 - 3. Determine n(q).
19
Let h = 2 - -4. Let u = -7 + h. Let f(o) = 3*o**2 - o**2 + 0 + 1 + o. What is f(u)?
2
Let l(o) = -o**2 - o. Let w(f) = 8*f**2 + 2*f + 1. Let s(u) = -4*l(u) - w(u). Suppose 5*x + 14 = 4*a, -10 = -a + 3*x - 3. Give s(a).
-3
Let s(x) = -x**2 + 2*x. Let o(p) be the first derivative of -p**4/4 + 2*p**3 - 2*p**2 + 5*p + 2. Let r be o(5). Suppose -3*k - 1 = -r. Calculate s(k).
-3
Let h(b) = -2*b**3 - 2*b + b**2 - 2*b**3 - 4 + 5. Let i = 1 - 0. Calculate h(i).
-4
Suppose 2*m - 8 = -2. Let h(d) = -d**m - 6*d - 78*d**2 + 1 - 1 + 73*d**2. What is h(-4)?
8
Suppose 17 = 3*z + 5*y - 7, 2*z - 5*y = -9. Let u(j) = -j**3 + 4 + 6*j - 4*j - z. Calculate u(-2).
5
Let q(p) be the second derivative of -2*p**3/3 + 5*p**2/2 - 10*p. Determine q(4).
-11
Let d(f) = -15*f + 13 - f**2 + 14*f - 10*f. Let h be d(-12). Let c(l) = -4*l - 1. Let u(w) = -w + 1. Let g(y) = c(y) + 2*u(y). Determine g(h).
-5
Suppose -2*o - 21 + 9 = 0. Let a(n) = n**3 + 6*n**2 + 3*n + 5. What is a(o)?
-13
Let j(n) be the second derivative of -2*n - 1/20*n**5 + n**2 + 0 + 0*n**4 + 0*n**3. Give j(2).
-6
Let f(h) = 10*h**2 + 83*h**3 - 84*h**3 - 5*h + 5 - 4*h. Determine f(9).
5
Let l(n) = n**3 - 6*n**2 - 2*n + 7. Let h = -21 - -35. Let b be -7*(-1)/(h/12). Calculate l(b).
-5
Let p(s) = -s + 1. Let b(n) = -7*n + 4. Let v(h) = b(h) - 2*p(h). Determine v(2).
-8
Let u(r) be the third derivative of r**6/60 + r**5/15 + r**4/8 + r**3/3 - r**2. Let m = 37 - 39. Determine u(m).
-4
Let u(t) = t**2 + 3*t + 1. Let x(z) = -6*z**2 + z. Suppose -2*r = 2*r - 4. Let q be x(r). Give u(q).
11
Let x(w) = w**3 + 5*w**2 + 4*w + 5. Let s be x(-4). Let z(h) be the second derivative of -3*h**2 + 1/20*h**s + h**3 - 5/12*h**4 - 2*h + 0. Give z(4).
2
Let q(t) = t**2 + 3*t - 2. Let a(x) = -x + 1. Let g(d) = 5*a(d) + q(d). Calculate g(2).
3
Let i(m) = -5*m + 6*m - 14 - 4*m + 4*m. What is i(6)?
-8
Let f(u) = u**3 - 2*u**2 - 4*u + 3. Let d(k) = k**2 + 7*k + 4. Let x be d(-7). Suppose 3*y - x = y. Give f(y).
-5
Let v(g) = 4*g**3 - g**2 + 3*g - 2. Let f(q) = -8*q**3 + 2*q**2 - 7*q + 5. Let t(y) = 2*f(y) + 5*v(y). Wha